b**5/15 - b**4/12 - b**3/6 - 2*b**2 + 2*b - 347. Give l(-1).
17
Let v be -1 - -8*(-2)/4. Let x(s) be the first derivative of s**2/2 + 10*s - 493. Calculate x(v).
5
Let n = 2077 + -2071. Let k(c) be the third derivative of 0 + 0*c - 1/24*c**4 + 1/12*c**5 - 1/120*c**n + 5/6*c**3 + 17*c**2. Determine k(4).
17
Let v(r) be the first derivative of r**4/2 - r**3/3 - r**2 - r + 7195. Calculate v(0).
-1
Suppose 8*l = 65*l - 114. Let y(h) = -12*h - 3. Calculate y(l).
-27
Let y(g) = g - 6. Let f = 18 + -56. Let s = 41 + f. Suppose 5*a = -4*r + 39, 2*a = s*r - 6 - 6. Give y(r).
0
Let a(n) = n - 6. Let x = -432 + 231. Let l = 213 + x. What is a(l)?
6
Let u(j) be the third derivative of -j**6/120 + j**5/20 + j**4/8 + j**3/2 - 2*j**2. Let l = 308 - 300. Suppose 0 = l*s + 3 - 35. Determine u(s).
-1
Let a(g) be the third derivative of 23*g**4/24 - 11*g**3/6 - 1691*g**2. Give a(1).
12
Let c = 53314 + -53312. Let n(w) = -w. Let t(f) = 19*f + 2. Let k(b) = n(b) + t(b). Determine k(c).
38
Let t(o) be the third derivative of -o**5/60 + o**4/24 - 29*o**3/6 - 10*o**2 + 9. What is t(0)?
-29
Let l(x) = -x**2 - 9*x - 7. Let z(w) = -5*w + 118. Let k be z(23). Suppose -k*b = 4*v + 30, 5*v + 2*b + 2*b + 37 = 0. Give l(v).
-7
Let n = 415 + -415. Suppose -14 = y + 2*w - 2, n = -y + w. Let x(z) = z**2 + 3*z - 1. Calculate x(y).
3
Let p(w) = 43 - 10*w - 104 + 50 + 17. What is p(1)?
-4
Let i(p) = 81*p - 3. Let o(z) = 110*z - 3. Let s(a) = -4*i(a) + 3*o(a). Determine s(-3).
-15
Let a(k) = -5*k. Suppose 11*g - 1100 = -9*g. Let u(j) = 44*j. Let w(p) = g*a(p) + 6*u(p). Determine w(-1).
11
Suppose 0 = -23*v + 17*v + 210. Let d(s) = -9*s + 312. Give d(v).
-3
Let d(a) be the second derivative of -a**5/20 - 5*a**4/12 + a**3/3 + 15*a**2/2 - 5613*a. Calculate d(-4).
-9
Let d(w) = -w**2 - 400*w + 4971. Let x be d(12). Let k(l) be the first derivative of -x + 6*l + 3/2*l**2. Give k(-6).
-12
Let c be (-37)/(-3) - (-320)/192. Suppose -5*x = -7*x + c. Let b(v) = v**2 - 7*v. Calculate b(x).
0
Let o(j) = -16*j**2 - 7*j - 7. Suppose -5*v - 6*v + 168 - 190 = 0. What is o(v)?
-57
Let g(p) = 2*p**2 + 17*p. Let a be (-702)/90 + 26/(-39)*(-12)/10. What is g(a)?
-21
Suppose -50 + 48 = 2*k, 21 = -4*y - 5*k. Let a(z) = -z**2 - 17*z - 53. Determine a(y).
-1
Let g(s) = -s + 5. Let z be g(2). Let w(r) = -6 + r - 1 + z*r + 3. Let m = -701 + 706. What is w(m)?
16
Let v = 13 - 8. Let f(w) = -7*w - 10. Let c(a) = -8*a - 11. Suppose 2*u = 37 - 27. Let p(l) = u*c(l) - 6*f(l). Determine p(v).
15
Let s(m) be the first derivative of m**4/4 - 3*m**3 + 5*m**2 + 4*m + 670. What is s(6)?
-44
Let b(n) be the third derivative of n**5/30 + 5*n**4/24 - n**3/2 + 128*n**2 + 2*n. Give b(-5).
22
Let q(n) = 28*n - 35. Let r(i) = -9*i + 10. Let l(s) = 6*q(s) + 21*r(s). Determine l(-4).
84
Let y(s) = 22*s**3 - 13*s**2 + 3*s + 178. Let v(t) = -3*t**3 + 2*t**2 - 26. Let q(k) = 15*v(k) + 2*y(k). Determine q(4).
-10
Let y(k) be the second derivative of -53*k**5/20 - k**4/2 + 7*k**3/6 - k**2/2 + 2361*k. What is y(1)?
-53
Suppose 164*t + 1322 - 17 = -7. Let r(q) = q**2 + 6*q - 17. Calculate r(t).
-1
Let w = -1 + 11. Let z(r) = r**2 - 10*r - 3. Let v be z(w). Let t(i) be the third derivative of -5*i**4/24 - i**3/6 - 49*i**2. Calculate t(v).
14
Let u(c) = 13*c - 32. Let n = 4673 - 4671. What is u(n)?
-6
Let t(m) = 9*m + 2. Suppose 0 = -3*y + 2*y - 11 + 10. Determine t(y).
-7
Let a(h) be the second derivative of h**4/12 - 19*h**3/6 + 30*h**2 + 3*h - 108. What is a(15)?
0
Let n(s) = -s**3 + 5*s**2 + 2*s - 12. Suppose -22*c - 16 = -3*w - 21*c, -5*w + 38 = 4*c. Determine n(w).
-36
Let f(i) = -i**2 + 10*i - 10. Suppose 9*q - 17 = 28. Suppose 5*a = -6*n + n + 40, -q*a + 5*n + 60 = 0. Calculate f(a).
-10
Suppose -39*c - 42 = -46*c. Suppose 3*y = 2*i, -10*i - 8 = -c*i - 4*y. Let r(l) = 6*l + 6. Calculate r(i).
-30
Let i be ((-9234)/5415 + (-4)/(-38))/((-28)/35). Suppose -3*t = -2*t - 2. Let x(l) = 5 - 3 - l**t - l**2. Determine x(i).
-6
Let f(r) = 4*r**2 - 40*r + 65. Let j(m) = -108*m + 872. Let o be j(8). Calculate f(o).
1
Let d(z) be the third derivative of -13*z**5/60 + z**4/12 - z**3/6 - z**2. Let o be 8 - (-14)/(-4)*2*1. Determine d(o).
-12
Let t(l) = 7*l**2 - 12*l + 7*l**2 - 3 - 17*l**2 + 7 + 5*l. What is t(3)?
-44
Let w(k) = -k**3 - 12*k**2 + 13*k + 9. Let u(m) = -m**3 - 2*m**2 + 6*m - 9. Suppose 38*y - 33*y = -2*j + 24, 5*y = -j + 22. Let i be u(j). Determine w(i).
9
Let m(x) = x - 7. Let q be m(6). Let h(n) be the third derivative of -1/60*n**5 + 1/6*n**3 + 1/24*n**4 - 1/20*n**6 + 0 + 0*n + 32*n**2. Give h(q).
5
Let x(a) = -a**3 - 19*a**2 - 20*a - 8. Let i be x(-15). Let n = 616 + i. Let f(k) = -k**2 + 6*k - 1. What is f(n)?
-17
Let w(v) = -25*v - 22. Let u be ((-190)/(-665))/(12/(-42)). What is w(u)?
3
Let r(t) = 69 + 8 - 13 - 7*t + 60. What is r(18)?
-2
Let b(i) = 3*i**2 + 14*i. Suppose 17*n - 20 = 21*n. Let r be b(n). Let z(t) = t**2 - 8*t - 5. Calculate z(r).
-20
Let o(h) = h**3 + 27*h**2 + 25*h + 10. Let q(k) = -14*k**2 - 12*k - 6. Let l(a) = 2*o(a) + 5*q(a). What is l(9)?
62
Let f be (-1 - -8)*(-105)/(-245). Let q(o) = o**3 + 2*o**2 - 14. Determine q(f).
31
Let v(y) = y**3 + 5*y**2 + 3*y + 2. Let w(t) = t**2 - 4*t + 2. Suppose 4*o = 2*o - 2. Let d(i) = i. Let p(f) = o*w(f) + 2*d(f). Let h be p(6). Give v(h).
8
Let o(d) be the second derivative of -d**4/12 - d**3/6 - 3*d. Let a = -93 - -100. Suppose -24 = a*b - b. What is o(b)?
-12
Suppose -5*j + 15 = 0, 3*p + 2*j = 1182 + 2460. Let g = p + -1214. Let i(k) = -1 - 2 - 3*k - k. Give i(g).
5
Let i = 205 + -202. Let t(l) = 1034 - 11*l**2 - 517 - 521 - l**i - 14*l + 3*l. Suppose 30 = 2*o - 5*o. Determine t(o).
6
Let n be 2 - (13 + 1 + 0). Let b = -19 - n. Let o(z) be the second derivative of z**3/6 + z**2/2 - 40701*z. Give o(b).
-6
Suppose -3*w = -w - 5*j + 33, w + j = -6. Let t(x) = -9*x + 3. Let o(r) = -38*r + 14. Let l(z) = w*t(z) + 2*o(z). What is l(-1)?
-4
Let g(u) = -2*u - u - u**3 - 16 + u**2 + 4*u. Let k be ((-498)/(-24) - -7) + (-1)/(-4). Suppose 10*y = -k*y. Give g(y).
-16
Let j = 2069 - 2053. Let u(r) = 3*r - 47. Determine u(j).
1
Let l(f) = f**3 - 18*f**2 + 33*f - 13. Let u(p) = -p**3 - 7*p**2 + 35*p + 169. Let t be u(-9). Give l(t).
3
Let g(h) = 2*h**2 - h - 1. Suppose 4*j + 2*q = 16, 2*q - 2 = j - 1. Suppose j*a - 4 = -5*y - 22, 3*a + 3*y + 12 = 0. Calculate g(a).
2
Suppose 1230 = -5*g + 5*d, 5*g - 2*g = d - 740. Let c = -246 - g. Let z(y) = 20*y. Give z(c).
20
Let c be 4/12*0 - -1. Suppose 10 = 9*b - 4*b. Let i(g) = -8*g**2 + 3*g - 3 + 6*g**2 + c + g**b. What is i(3)?
-2
Let r be (84/(-18) + 1)/(3/(-9)). Suppose -14*x = -r*x - 9. Suppose 0*j = 4*n + 3*j - 29, x*j - 21 = -3*n. Let u(h) = h - 9. Give u(n).
-1
Let h(f) be the third derivative of f**8/4032 - f**7/2520 - f**6/180 + 9*f**5/20 + f**2 - 14*f. Let n(p) be the third derivative of h(p). Calculate n(3).
35
Let p(f) be the third derivative of f**5/60 - 5*f**4/8 - 29*f**3/6 - 131*f**2 - 9*f. Give p(17).
5
Let t(g) = -19*g + 17. Let h(p) = -107*p + 1714. Let q be h(16). Determine t(q).
-21
Let b(h) be the first derivative of 7/2*h**2 + 1/12*h**4 + 11 + 0*h - 1/3*h**3 - 1/20*h**5. Let r(g) be the second derivative of b(g). Determine r(2).
-10
Let d(u) = 9*u - 3*u + 0*u - 3*u - 3. Suppose -108 = -15*j - 18. Calculate d(j).
15
Suppose 22*g - 9342 = -5*g. Let s = g + -349. Let p(f) = -5*f**2 - 17. Let d(a) = 2*a**2 + 6. Let l(w) = -11*d(w) - 4*p(w). Give l(s).
-16
Let j = 107 + -100. Let z(y) be the first derivative of y**2/2 - 5*y + 1. Calculate z(j).
2
Let t(u) be the second derivative of -u**7/2520 + 11*u**6/720 - 2*u**5/15 + 25*u**4/6 - 24*u + 4. Let q(f) be the third derivative of t(f). What is q(9)?
2
Let l(r) = -4*r + 0 + 3*r**3 - 3 - 2*r**3 - 3*r**2 + 0*r. Let c be (8/16*-3)/((-2)/(-4)). Let j be (-48)/64*(-8)/c. Calculate l(j).
-15
Let d(b) be the second derivative of b**5/20 - 7*b**4/2 + b**3/3 - 97*b**2/2 + 14*b - 69. Calculate d(42).
-13
Suppose 0 = -7*v - 0*v - 203. Let j = v + 33. Let h(s) = 35 + j*s + 3*s - 33. Give h(-2).
-12
Let p(a) be the second derivative of a**7/2520 + a**6/90 - a**5/60 + a**4/12 - 7*a**3/3 - 86*a. Let g(w) be the third derivative of p(w). Determine g(-7).
-9
Let i(d) = -d**3 + 5*d**2 - 3*d. Let c be 181*((-78)/66 - 4/(-22)). Let x = c + 185. Calculate i(x).
4
Suppose 2*i + 8 - 12 